-0*f. Let a(w) = 2*w + 3. What is a(f)?
-5
Let u = 7 - 5. Suppose -k + 16 = 3*t, -u*t - 2*t + 53 = -5*k. Suppose t*h - 5 = 2*h. Let r(x) = 3*x - 1. Calculate r(h).
2
Let f(o) = o**3 - 9*o**2 + o - 2. Let v be f(9). Let x = 10 - v. Let p(g) = -g**3 + 3*g**2. Give p(x).
0
Let s(b) = -b**2 - b + 4. Let z(l) = -6*l**2 - 5*l + 21. Let u(w) = -11*s(w) + 2*z(w). Calculate u(3).
-8
Let x(r) = -2*r**2 + 4*r. Let k(t) = t**2 + 3*t - 1. Let s be k(-4). Give x(s).
-6
Suppose 20 = 2*w - 6*w, -3*w = p + 14. Let b = p - -1. Let s be 0 - 3/b*2. Let t(n) = n - 2. Calculate t(s).
-5
Let v(p) = -12*p + 1. Let y(u) = 11*u - 1. Let s(n) = -5*v(n) - 6*y(n). What is s(-1)?
7
Let l(v) = -4*v + 7. Suppose -10 - 15 = -o - 4*g, 20 = -o + 5*g. Give l(o).
-13
Let z = 28 + -32. Let m(f) = f - 4. Give m(z).
-8
Let b(x) = -x**2 - 7 + 0 + 2 + 3 + 8*x. Determine b(6).
10
Let z(h) = -4*h**3 + 2*h**2 + 11*h - 6. Let l = 20 - 15. Let f(u) = 5*u**3 - u**2 - 12*u + 7. Let t(s) = l*f(s) + 6*z(s). Determine t(-6).
-1
Let y(f) = f + 4. Suppose -3*v + 4 + 14 = 0. Suppose 4*h = v + 10. What is y(h)?
8
Let q(i) = -i**3 - 22*i**2 + 47*i - 28. Let h be q(-24). Let o(u) = -u**2 - 5*u - 5. Calculate o(h).
-1
Let k = 4 + -2. Let t(f) = -f**3 - k*f**2 + 4*f - 3*f + 3*f - 4 - 3*f. What is t(-3)?
2
Let z(n) = -2*n. Let b(s) = s - 1. Let r = -6 - -8. Let v(x) = r*z(x) + 3*b(x). Calculate v(0).
-3
Let i(k) be the first derivative of -k**6/120 - k**5/15 + k**4/4 + k**3/3 - 3*k**2/2 + 1. Let c(n) be the second derivative of i(n). Give c(-5).
-3
Let f(b) be the second derivative of 2*b - 5/24*b**4 + 1/3*b**3 + 0*b**2 + 0 - 1/120*b**5. Let h(v) be the second derivative of f(v). What is h(-5)?
0
Suppose 8 = -4*y - 0. Let h(j) = 2*j + 6. Let u(w) = w + 5. Let z(x) = y*h(x) + 3*u(x). Let b(r) = r**3 - 4*r**2 + r. Let l be b(4). What is z(l)?
-1
Let y(n) = 16 - 4*n - 5 + 3*n + 0*n. What is y(0)?
11
Let w(t) = -t**3 - 2*t**2 + 3*t + 2. Let p be 6*2/(-2 + -2). Let l be w(p). Let y(m) = -2*m**3 + 3*m**2 - 4*m + 2. Determine y(l).
-10
Let o be -1 - 1/(-4)*0. Let h = o - 5. Let b(w) = -w - 7. Calculate b(h).
-1
Let l(t) be the third derivative of t**2 + 0 + 0*t - 11/24*t**4 + 1/6*t**3. What is l(1)?
-10
Suppose -22 = -5*k - 7. Let h be 4*(0 - (k - 2)). Let w(i) = -4 - 2*i + 2*i - i**3 + 2*i - 3*i**2. Calculate w(h).
4
Let l(v) = -v**2 - 7*v - 7. Let w be l(-5). Let x(o) = -6*o**3 + 4*o**2 - o - 3. Let h(s) = s**3. Let u(p) = 5*h(p) + x(p). Calculate u(w).
3
Let k = -2 - -8. Let l(b) = b**3 - 7*b**2 + b + 8. Give l(k).
-22
Let r(o) = o**3 + 2*o**2 - 1. Let k be r(-1). Let z(c) = 0*c + k*c - 1 + 2*c. Determine z(-3).
-7
Let z be (-34)/(-12) + 3/18. Let j(n) = -6*n**3 - 2 + 7*n**3 + 10 - 7*n**2 + z*n. What is j(6)?
-10
Let l(m) = 6*m - 16. Let x be l(3). Let b(q) be the first derivative of 8*q - 1 - 1/2*q**x. Calculate b(0).
8
Let t(h) = 2*h**3 - h**2 + 3*h. Let m(g) = g**3 + 2*g. Let u(w) = -3*m(w) + 2*t(w). Give u(3).
9
Let y(f) be the second derivative of f**4/12 + f**3/3 + f**2/2 - f. Give y(-1).
0
Let c(k) = k**3 - k**2 - 3*k + 5. Let a be c(2). Let i(m) = m**3 - 4*m**2 + 4*m - 2. Give i(a).
1
Suppose -45 + 9 = -5*o - y, 0 = 2*y + 8. Let v(i) = -i**2 + 9*i - 10. Calculate v(o).
-2
Let p(n) = 13*n**2 - 5*n + 9. Let m(v) = -3*v**2 + v - 2. Let j(f) = -9*m(f) - 2*p(f). What is j(-4)?
12
Let h(d) = 3*d - 3*d**2 + 4*d**2 - 3 - 2*d**2. Let w = 9 - -3. Suppose -2*v = 2, -w = -3*r + 4*v - v. What is h(r)?
-3
Let g(r) = 2*r - 3. Let u(f) = -3*f + 3. Let k(v) = 5*g(v) + 4*u(v). Determine k(-3).
3
Suppose -5*m + 3*b - 1 = 0, 3*m - 4 = 8*m - 2*b. Let f(p) = p**3 + 2 - p - p**3 - 2*p**3 - 4*p**2. Calculate f(m).
4
Let j = 2 - -1. Suppose b + j = -4*c, -7*b + 4*b + 23 = -4*c. Let s(p) = -p**3 - 2*p**2 - 4*p - 2. Give s(c).
6
Let u(c) = 5*c + c**2 + 1 + 2 - 8 + 1. Let i be u(-5). Let d = 6 + i. Let p(g) = -3*g + 2. Determine p(d).
-4
Let t(v) be the third derivative of -v**5/15 - v**4/8 - v**3/2 + 30*v**2. Determine t(-2).
-13
Suppose 0 = 2*a + 14 - 6. Let d(o) = -o - 1. Let i(b) = -2*b - 3. Let w(c) = -5*d(c) + 2*i(c). Give w(a).
-5
Let r be (-23)/3 - (-4)/(-12). Let l = r + 6. Let u(b) = 2*b**3 + 4*b**2 + 4*b + 2. Calculate u(l).
-6
Let l be 1/4 + 11/4. Let s be -4*1*2/(-4). Let y(x) = 5*x - x**2 - 2*x + s - x + 0*x. Determine y(l).
-1
Let g(u) be the third derivative of -u**4/24 + u**3/2 + u**2. Let l be g(0). Let d(p) = 0 - p**3 + 0*p + 2*p - 2*p**2 + l. What is d(-3)?
6
Let c(o) = -o**3 + 5*o**2 + 5*o + 2. Let q(g) = 3*g - 15. Let b = -26 + 33. Let i be q(b). Calculate c(i).
-4
Let x(o) = -o**3 + o**2 - 3*o + 2. Let p = -66 - -68. Determine x(p).
-8
Suppose -6 - 10 = -4*a. Let h(f) = -f - 1. Determine h(a).
-5
Let k(a) = a**3 + a**2 + a. Let n(d) = 3*d**2 + 5. Let u(t) = -k(t) - n(t). Suppose -24 = 3*m - m + 4*v, m - 8 = 3*v. What is u(m)?
-1
Let k(r) = 10*r - 7. Let d(u) = -5*u + 4. Suppose -m + 6 = 3*h, m = -5*h + 2*m + 18. Let l(c) = h*k(c) + 5*d(c). Determine l(-1).
-6
Let u(l) = -l - 1. Let a(h) = -2*h - 2. Let x(g) = -6*a(g) + 10*u(g). Suppose -r + 10 = 3*w - 0*w, 30 = 3*r + w. Suppose 8*f - 3*f = -r. Determine x(f).
-2
Suppose -5*j = 14 - 34. Let f = -3 + j. Let t(a) = 5*a + 0*a - f - 2*a - 2*a. Give t(3).
2
Let f(j) = j**3 + 4*j**2 + 4*j + 3. Let w = -3 + 6. Suppose w*s = -z + 11, -9 + 0 = -5*s + 3*z. Let q(v) = v**3 - 4*v**2 + 2*v. Let p be q(s). What is f(p)?
0
Let r(y) = y**3 - y - 1. Let g(p) = -p**3 + p - 1. Let k be g(0). Calculate r(k).
-1
Let d = 7 + -5. Let o(p) = d + 1 - 2 - 3*p. Let w = -40 - -38. Determine o(w).
7
Let b(i) = i**2 - 6*i + 9. Let g(k) = -k**3 - 3*k**2 + 6*k + 6. Let a be 45/(-12) - (-1)/(-4). Let t be g(a). Let l = 8 + t. Calculate b(l).
9
Suppose -3*l + 0*l = s - 1, -3*s = -l - 3. Suppose 0 = 3*i + 2*i + w - 18, -4*i + 5*w + 26 = l. Let x(p) = -5*p - 1 + 2*p**2 - 3*p**2 + 11*p. Determine x(i).
7
Let i(d) = d**2 + 2 - 3 + 6*d - 2 - 4. What is i(-6)?
-7
Let j(c) = -c**2 - 1. Let u = -40 - -36. Let m(b) = 3*b**2 - 5*b + 5. Let v(x) = u*j(x) - m(x). Suppose 2*a - 3*i = -5, 3*a + 6*i - 3*i = -15. Calculate v(a).
-5
Let f(s) = s - 4. Let i be 16/2 + (-3 + 0)*1. Give f(i).
1
Let g = -8 + 14. Let t(v) = -v**3 - 7*v**2 + 4*v + 3. Let i(w) = -w**3 - w + 1. Let d(s) = 2*i(s) - t(s). Determine d(g).
-1
Let w(z) = -6*z - 96. Let r be w(-16). Let n(h) = h**3 + h - 5. What is n(r)?
-5
Let b(y) = -y**3 - y**2 - 2. Suppose -4*o - 23 = -a, 3*a = 2*a - 4*o - 17. Let d = 1 - a. Determine b(d).
2
Suppose 4*x + 3 = 3*i + 25, -2*x = 3*i + 34. Let n(s) = -s - 9. Let p be n(i). Let f(v) = 5*v + 1. Calculate f(p).
6
Let x(h) = -3*h + 3. Let l = 2 + -2. Suppose -5*t - 5 = i, t = 3*i - l*t - 17. Calculate x(i).
-12
Let s be (6 - 0)/(-2) + 0. Let f = -6 - -7. Let b(y) = -7*y - 3 + 4*y + 2*y - f. Calculate b(s).
-1
Let j(v) = -3*v - 3. Suppose -3*k = -5*w + 7 - 4, -4*k - 4 = 0. Let s(o) = o**3 - o**2 - 4. Let f be s(w). Let n be (-3 - -2 - -2) + f. Calculate j(n).
6
Let o(g) = 63*g**3 - 4*g**2 - 10*g - 2 - 11*g**2 - 4*g - 64*g**3. Give o(-14).
-2
Let v(a) be the first derivative of a**2 + 8*a - 1. Calculate v(-6).
-4
Suppose -4*a + 8*a - 20 = 0. Let w(o) = -o + 10. What is w(a)?
5
Let b(z) = 2 - 2 + 180*z - 172*z + 1. What is b(-1)?
-7
Let s(i) be the first derivative of 4*i**2 + i - 1. Let t be (-2)/5*(-30)/3. Let d be ((-2)/4)/(t/(-8)). Calculate s(d).
9
Let u = 6 - 3. Suppose -6*j + 12 = -3*j. Let m(w) = 5*w**3 + 3*w - 3*w**2 - 4 + 1 - j*w**3. Determine m(u).
6
Let s(u) be the first derivative of u**7/840 + u**6/45 + u**5/20 - 7*u**4/24 + 2*u**3/3 - 8. Let m(j) be the third derivative of s(j). Determine m(-7).
0
Suppose 2 = -5*f - 3*b - 3, -3*f = b + 3. Let t(q) = 16*q. Give t(f).
-16
Let q(p) = -2*p - 4. Let n = 10 + -8. Suppose 2*f = -n*o + 14, -f - 3*f + 3*o + 49 = 0. Suppose 0 = -5*r - 30 + f. Give q(r).
4
Let h(t) = -t**3 - 4*t**2 + 4*t + 18. Let g be h(-4). Let a(n) = 2*n. Give a(g).
4
Let s(h) = h**3 + h**2 - h - 2. Let k be (-2)/7 + 120/28. Let u be 10/k - (-6)/4. Suppose -4*n - 4*d = 20, -d = u*n + d + 14. What is s(n)?
-4
Suppose 0 = -3*i + 6, -2 = r + i. Let q(k) = 2*k + 1. Give q(r).
-7
Let o = -11 - -17. Let f = 2 + -1. Suppose 0 = l + 2*d - o - 1, -f = -d. Let q(z) = z**2 - 5*z + 5. Give q(l).
5
Let d = -6 - -12. Let t(i) = 5*i**2 + d*i - 4*i - 3*i**2 - 4*i**2. Suppose 5 = h - 0*h, -3*h = 5